rime factors of 88485?
3, 5, 17, 347
What are the prime factors of 5612?
2, 23, 61
List the prime factors of 2176.
2, 17
What are the prime factors of 60090?
2, 3, 5, 2003
What are the prime factors of 2834?
2, 13, 109
List the prime factors of 9195.
3, 5, 613
What are the prime factors of 55008?
2, 3, 191
What are the prime factors of 13816?
2, 11, 157
What are the prime factors of 33393?
3, 11131
List the prime factors of 1633.
23, 71
List the prime factors of 5453.
7, 19, 41
List the prime factors of 6590.
2, 5, 659
List the prime factors of 4283.
4283
List the prime factors of 8217.
3, 11, 83
List the prime factors of 1734.
2, 3, 17
What are the prime factors of 538?
2, 269
List the prime factors of 2625.
3, 5, 7
List the prime factors of 1420.
2, 5, 71
What are the prime factors of 1637?
1637
List the prime factors of 49697.
49697
List the prime factors of 37912.
2, 7, 677
List the prime factors of 2327.
13, 179
List the prime factors of 6007.
6007
What are the prime factors of 70281?
3, 19, 137
What are the prime factors of 650?
2, 5, 13
List the prime factors of 40207.
31, 1297
List the prime factors of 17535.
3, 5, 7, 167
List the prime factors of 865.
5, 173
List the prime factors of 25631.
19, 71
List the prime factors of 144.
2, 3
What are the prime factors of 787?
787
List the prime factors of 162754.
2, 19, 4283
List the prime factors of 9399.
3, 13, 241
List the prime factors of 15872.
2, 31
What are the prime factors of 31230?
2, 3, 5, 347
What are the prime factors of 82766?
2, 29, 1427
What are the prime factors of 32246?
2, 23, 701
What are the prime factors of 271?
271
List the prime factors of 5982.
2, 3, 997
List the prime factors of 981.
3, 109
What are the prime factors of 58469?
59, 991
List the prime factors of 2252.
2, 563
What are the prime factors of 1871?
1871
What are the prime factors of 14461?
14461
What are the prime factors of 1460?
2, 5, 73
What are the prime factors of 6625?
5, 53
What are the prime factors of 6331?
13, 487
What are the prime factors of 2716?
2, 7, 97
What are the prime factors of 469?
7, 67
List the prime factors of 597.
3, 199
What are the prime factors of 121329?
3, 13, 17, 61
List the prime factors of 64819.
53, 1223
List the prime factors of 2439.
3, 271
What are the prime factors of 843?
3, 281
What are the prime factors of 794?
2, 397
What are the prime factors of 2356?
2, 19, 31
List the prime factors of 407.
11, 37
What are the prime factors of 408?
2, 3, 17
List the prime factors of 39930.
2, 3, 5, 11
What are the prime factors of 1382?
2, 691
What are the prime factors of 9236?
2, 2309
List the prime factors of 15970.
2, 5, 1597
List the prime factors of 815.
5, 163
What are the prime factors of 13006?
2, 7, 929
What are the prime factors of 2248?
2, 281
List the prime factors of 1543.
1543
What are the prime factors of 3061?
3061
What are the prime factors of 253?
11, 23
What are the prime factors of 8644?
2, 2161
List the prime factors of 2647.
2647
What are the prime factors of 1312?
2, 41
List the prime factors of 1170.
2, 3, 5, 13
What are the prime factors of 990?
2, 3, 5, 11
List the prime factors of 4706.
2, 13, 181
What are the prime factors of 17930?
2, 5, 11, 163
What are the prime factors of 1101?
3, 367
What are the prime factors of 264?
2, 3, 11
List the prime factors of 19931.
19, 1049
List the prime factors of 730.
2, 5, 73
What are the prime factors of 2397?
3, 17, 47
What are the prime factors of 2825?
5, 113
List the prime factors of 17924.
2, 4481
What are the prime factors of 356?
2, 89
List the prime factors of 2843.
2843
What are the prime factors of 2979?
3, 331
What are the prime factors of 1505?
5, 7, 43
List the prime factors of 2520.
2, 3, 5, 7
What are the prime factors of 806?
2, 13, 31
List the prime factors of 19000.
2, 5, 19
List the prime factors of 29594.
2, 14797
What are the prime factors of 1260?
2, 3, 5, 7
List the prime factors of 82984.
2, 11, 23, 41
What are the prime factors of 1975?
5, 79
List the prime factors of 140.
2, 5, 7
List the prime factors of 20477.
20477
What are the prime factors of 50413?
11, 4583
What are the prime factors of 2478?
2, 3, 7, 59
List the prime factors of 13773.
3, 4591
What are the prime factors of 669?
3, 223
List the prime factors of 108204.
2, 3, 71, 127
What are the prime factors of 3611?
23, 157
What are the prime factors of 6774?
2, 3, 1129
What are the prime factors of 2789?
2789
List the prime factors of 477.
3, 53
What are the prime factors of 1376?
2, 43
What are the prime factors of 648?
2, 3
List the prime factors of 72622.
2, 11, 3301
List the prime factors of 1159.
19, 61
What are the prime factors of 97682?
2, 13, 17
What are the prime factors of 29001?
3, 7, 1381
What are the prime factors of 116699?
11, 103
What are the prime factors of 36722?
2, 7, 43, 61
List the prime factors of 3420.
2, 3, 5, 19
List the prime factors of 831.
3, 277
What are the prime factors of 52339?
7, 7477
What are the prime factors of 5237?
5237
List the prime factors of 1245.
3, 5, 83
List the prime factors of 4040.
2, 5, 101
What are the prime factors of 32664?
2, 3, 1361
What are the prime factors of 2586?
2, 3, 431
List the prime factors of 69.
3, 23
What are the prime factors of 50026?
2, 25013
What are the prime factors of 6403?
19, 337
What are the prime factors of 851?
23, 37
List the prime factors of 3444.
2, 3, 7, 41
What are the prime factors of 3332?
2, 7, 17
List the prime factors of 5553.
3, 617
What are the prime factors of 9554?
2, 17, 281
What are the prime factors of 2085?
3, 5, 139
List the prime factors of 25888.
2, 809
List the prime factors of 1187.
1187
List the prime factors of 2956.
2, 739
List the prime factors of 157596.
2, 3, 23, 571
What are the prime factors of 163014?
2, 3, 101, 269
List the prime factors of 46258.
2, 101, 229
What are the prime factors of 8412?
2, 3, 701
What are the prime factors of 39243?
3, 103, 127
What are the prime factors of 80320?
2, 5, 251
What are the prime factors of 507?
3, 13
List the prime factors of 307.
307
List the prime factors of 145154.
2, 72577
List the prime factors of 142016.
2, 7, 317
List the prime factors of 126483.
3, 7, 19, 317
What are the prime factors of 28688?
2, 11, 163
What are the prime factors of 9231?
3, 17, 181
List the prime factors of 8072.
2, 1009
What are the prime factors of 476?
2, 7, 17
What are the prime factors of 58994?
2, 13, 2269
What are the prime factors of 877?
877
What are the prime factors of 55256?
2, 6907
List the prime factors of 14157.
3, 11, 13
List the prime factors of 7582.
2, 17, 223
What are the prime factors of 1891?
31, 61
What are the prime factors of 10666?
2, 5333
What are the prime factors of 1057?
7, 151
List the prime factors of 680.
2, 5, 17
What are the prime factors of 10342?
2, 5171
What are the prime factors of 886?
2, 443
What are the prime factors of 975?
3, 5, 13
What are the prime factors of 1870?
2, 5, 11, 17
What are the prime factors of 780?
2, 3, 5, 13
What are the prime factors of 127?
127
List the prime factors of 52847.
43, 1229
What are the prime factors of 5592?
2, 3, 233
List the prime factors of 672.
2, 3, 7
List the prime factors of 500.
2, 5
List the prime factors of 4772.
2, 1193
List the prime factors of 22284.
2, 3, 619
What are the prime factors of 961?
31
List the prime factors of 34340.
2, 5, 17, 101
List the prime factors of 17559.
3, 1951
What are the prime factors of 6583?
29, 227
List the prime factors of 12159.
3, 7, 193
What are the prime factors of 124918?
2, 62459
What are the prime factors of 50647?
50647
What are the prime factors of 10698?
2, 3, 1783
What are the prime factors of 7486?
2, 19, 197
What are the prime factors of 813?
3, 271
What are the prime factors of 69865?
5, 89, 157
What are the prime factors of 33767?
33767
List the prime factors of 39228.
2, 3, 7, 467
List the prime factors of 263.
263
List the prime factors of 1716.
2, 3, 11, 13
What are the prime factors of 1493?
1493
List the prime factors of 2933.
7, 419
List the prime factors of 4421.
4421
What are the prime factors of 22104?
2, 3, 307
What are the prime factors of 24636?
2, 3, 2053
What are the prime factors of 170?
2, 5, 17
List the prime factors of 3955.
5, 7, 113
What are the